8?
2, 11, 37
What are the prime factors of 400?
2, 5
List the prime factors of 26736.
2, 3, 557
List the prime factors of 764.
2, 191
What are the prime factors of 4534?
2, 2267
List the prime factors of 1976.
2, 13, 19
List the prime factors of 66789.
3, 41, 181
What are the prime factors of 13552?
2, 7, 11
What are the prime factors of 1021?
1021
List the prime factors of 379.
379
List the prime factors of 24990.
2, 3, 5, 7, 17
List the prime factors of 1057.
7, 151
List the prime factors of 481.
13, 37
What are the prime factors of 11597?
11597
List the prime factors of 4114.
2, 11, 17
List the prime factors of 1339.
13, 103
What are the prime factors of 15364?
2, 23, 167
What are the prime factors of 951?
3, 317
List the prime factors of 2784.
2, 3, 29
What are the prime factors of 1555?
5, 311
What are the prime factors of 4356?
2, 3, 11
List the prime factors of 3336.
2, 3, 139
What are the prime factors of 941?
941
List the prime factors of 21243.
3, 73, 97
List the prime factors of 3099.
3, 1033
List the prime factors of 45699.
3, 15233
What are the prime factors of 10511?
23, 457
List the prime factors of 1060.
2, 5, 53
List the prime factors of 5737.
5737
What are the prime factors of 5469?
3, 1823
What are the prime factors of 124?
2, 31
What are the prime factors of 6304?
2, 197
List the prime factors of 16624.
2, 1039
What are the prime factors of 5885?
5, 11, 107
What are the prime factors of 2518?
2, 1259
What are the prime factors of 44177?
7, 6311
What are the prime factors of 67?
67
List the prime factors of 40606.
2, 79, 257
List the prime factors of 2555.
5, 7, 73
What are the prime factors of 1362?
2, 3, 227
What are the prime factors of 496?
2, 31
What are the prime factors of 25383?
3, 8461
What are the prime factors of 942?
2, 3, 157
List the prime factors of 3245.
5, 11, 59
What are the prime factors of 9871?
9871
What are the prime factors of 78980?
2, 5, 11, 359
What are the prime factors of 16893?
3, 1877
What are the prime factors of 10209?
3, 41, 83
What are the prime factors of 1082?
2, 541
What are the prime factors of 19547?
11, 1777
List the prime factors of 4124.
2, 1031
List the prime factors of 4119.
3, 1373
List the prime factors of 31686.
2, 3, 5281
What are the prime factors of 10842?
2, 3, 13, 139
What are the prime factors of 7098?
2, 3, 7, 13
What are the prime factors of 105947?
53, 1999
What are the prime factors of 64586?
2, 43, 751
What are the prime factors of 17585?
5, 3517
List the prime factors of 34170.
2, 3, 5, 17, 67
What are the prime factors of 177?
3, 59
List the prime factors of 31411.
101, 311
What are the prime factors of 85315?
5, 113, 151
List the prime factors of 9230.
2, 5, 13, 71
What are the prime factors of 35928?
2, 3, 499
List the prime factors of 9812.
2, 11, 223
List the prime factors of 4447.
4447
List the prime factors of 13325.
5, 13, 41
List the prime factors of 14897.
14897
What are the prime factors of 30759?
3, 10253
List the prime factors of 2100.
2, 3, 5, 7
List the prime factors of 779.
19, 41
What are the prime factors of 555?
3, 5, 37
List the prime factors of 81443.
23, 3541
List the prime factors of 31515.
3, 5, 11, 191
List the prime factors of 44823.
3, 67, 223
List the prime factors of 679.
7, 97
What are the prime factors of 4457?
4457
List the prime factors of 9261.
3, 7
List the prime factors of 6.
2, 3
What are the prime factors of 19071?
3, 13, 163
List the prime factors of 15367.
11, 127
What are the prime factors of 1549?
1549
List the prime factors of 2398.
2, 11, 109
What are the prime factors of 1314?
2, 3, 73
List the prime factors of 806.
2, 13, 31
What are the prime factors of 1771?
7, 11, 23
What are the prime factors of 54912?
2, 3, 11, 13
List the prime factors of 2453.
11, 223
What are the prime factors of 53143?
19, 2797
List the prime factors of 1787.
1787
List the prime factors of 1406.
2, 19, 37
List the prime factors of 208.
2, 13
What are the prime factors of 649?
11, 59
List the prime factors of 4894.
2, 2447
What are the prime factors of 80606?
2, 41, 983
List the prime factors of 5992.
2, 7, 107
List the prime factors of 833.
7, 17
What are the prime factors of 3456?
2, 3
What are the prime factors of 67451?
37, 1823
What are the prime factors of 28831?
11, 2621
List the prime factors of 2190.
2, 3, 5, 73
List the prime factors of 32113.
17, 1889
List the prime factors of 107090.
2, 5, 10709
What are the prime factors of 10218?
2, 3, 13, 131
List the prime factors of 4767.
3, 7, 227
List the prime factors of 1171.
1171
List the prime factors of 4357.
4357
List the prime factors of 13328.
2, 7, 17
List the prime factors of 476.
2, 7, 17
What are the prime factors of 40937?
13, 47, 67
List the prime factors of 33595.
5, 6719
What are the prime factors of 9120?
2, 3, 5, 19
List the prime factors of 10864.
2, 7, 97
List the prime factors of 4656.
2, 3, 97
List the prime factors of 150024.
2, 3, 7, 19, 47
What are the prime factors of 54980?
2, 5, 2749
What are the prime factors of 1091?
1091
List the prime factors of 52550.
2, 5, 1051
List the prime factors of 2349.
3, 29
What are the prime factors of 61?
61
What are the prime factors of 17155?
5, 47, 73
List the prime factors of 3494.
2, 1747
List the prime factors of 812.
2, 7, 29
What are the prime factors of 624?
2, 3, 13
What are the prime factors of 1149?
3, 383
List the prime factors of 274.
2, 137
What are the prime factors of 5817?
3, 7, 277
List the prime factors of 15183.
3, 7, 241
List the prime factors of 11312.
2, 7, 101
What are the prime factors of 2257?
37, 61
List the prime factors of 740.
2, 5, 37
List the prime factors of 3015.
3, 5, 67
List the prime factors of 10914.
2, 3, 17, 107
List the prime factors of 126.
2, 3, 7
What are the prime factors of 19076?
2, 19, 251
List the prime factors of 4606.
2, 7, 47
List the prime factors of 3240.
2, 3, 5
What are the prime factors of 2011?
2011
List the prime factors of 275.
5, 11
List the prime factors of 75667.
17, 4451
List the prime factors of 16664.
2, 2083
List the prime factors of 2259.
3, 251
What are the prime factors of 20292?
2, 3, 19, 89
What are the prime factors of 6071?
13, 467
List the prime factors of 13178.
2, 11, 599
List the prime factors of 248.
2, 31
List the prime factors of 53319.
3, 7, 2539
What are the prime factors of 1235?
5, 13, 19
List the prime factors of 13521.
3, 4507
List the prime factors of 359.
359
What are the prime factors of 6?
2, 3
What are the prime factors of 619?
619
What are the prime factors of 19263?
3, 6421
What are the prime factors of 106647?
3, 19, 1871
List the prime factors of 31840.
2, 5, 199
What are the prime factors of 4776?
2, 3, 199
List the prime factors of 16215.
3, 5, 23, 47
List the prime factors of 6576.
2, 3, 137
What are the prime factors of 17477?
17477
What are the prime factors of 15663?
3, 23, 227
What are the prime factors of 7402?
2, 3701
List the prime factors of 2688.
2, 3, 7
List the prime factors of 5488.
2, 7
List the prime factors of 3404.
2, 23, 37
List the prime factors of 7379.
47, 157
What are the prime factors of 93933?
3, 7, 71
What are the prime factors of 5108?
2, 1277
List the prime factors of 1354.
2, 677
List the prime factors of 55865.
5, 11173
List the prime factors of 1979.
1979
List the prime factors of 5511.
3, 11, 167
What are the prime factors of 23373?
3, 7, 53
What are the prime factors of 338?
2, 13
What are the prime factors of 6153?
3, 7, 293
What are the prime factors of 8939?
7, 1277
List the prime factors of 29117.
11, 2647
What are the prime factors of 1907?
1907
What are the prime factors of 45254?
2, 11, 17
List the prime factors of 68166.
2, 3, 7, 541
What are the prime factors of 4523?
4523
List the prime factors of 2074.
2, 17, 61
What are the prime factors of 4754?
2, 2377
List the prime factors of 64019.
64019
List the prime factors of 5166.
2, 3, 7, 41
List the prime factors of 4165.
5, 7, 17
What are the prime factors of 184894?
2, 193, 479
What are the prime factors of 1270?
2, 5, 127
List the prime factors of 13465.
5, 2693
What are the prime factors of 66270?
2, 3, 5, 47
What are the prime factors of 18204?
2, 3, 37, 41
What are the prime factors of 353?
353
What are the prime factors of 1152?
2, 3
What